 be b(10). What is the greatest common factor of v and w?
18
Suppose -5*u = 4*t - 0*u - 109, -4*u - 1 = -t. Suppose -313*r + 3664 - 639 + 10121 = 0. What is the greatest common factor of t and r?
21
Let r(p) = 3*p**2 + 7*p. Let v be r(6). Suppose -4*u + 13 + 31 = -t, -t - 56 = -5*u. Calculate the highest common divisor of v and u.
6
Let g = -864 + 1484. Let k = 9438 + -9418. Calculate the highest common factor of g and k.
20
Let g = -16778 - -16793. Suppose -a = -3*l + 17, -4*a = -2 - 2. Calculate the greatest common divisor of g and l.
3
Suppose 2545 = 14*x - 9*x. Suppose 9*g - 121 = x. Let k = g + -50. What is the greatest common divisor of 8 and k?
4
Let r be ((-3)/(-9) - 46/12)*-38. Let m = 241 - r. Suppose 15*n = 17*n - m. What is the highest common divisor of 36 and n?
18
Let c = 2506 + 2890. What is the greatest common factor of c and 76?
76
Let k be (27/(-216))/((-2)/32). Let z be (15 - 13) + 11 + k. Calculate the highest common divisor of z and 30.
15
Suppose -7*h + 3*h = -4*k + 116, 3*h - 111 = -3*k. What is the highest common factor of k and 12?
3
Suppose -o + 12*o = -2320 + 47882. Calculate the greatest common divisor of 38 and o.
38
Suppose w + d - 233 = 0, 2*d = 3*w - 447 - 267. Let q be w + -159 + 1/(2/(-10)). What is the greatest common divisor of 24 and q?
24
Let x = -12 - -21. Let h = -121 - -121. Suppose 4*v + 14 - 50 = h. Calculate the greatest common factor of v and x.
9
Let x(v) = v**3 - 8*v**2 - 18*v - 12. Let u be x(10). Suppose 2*s - 6 = u. What is the highest common divisor of s and 119?
7
Let r = 15545 + -15050. Calculate the highest common divisor of r and 4257.
99
Let n = 592 + -685. Suppose 3*p - 576 = 9. Let c = p + n. Calculate the greatest common divisor of c and 34.
34
Suppose 6*b = -2*r + 2*b - 266, -b - 130 = r. Let v = 157 + r. What is the greatest common divisor of 105 and v?
15
Suppose -5*f + 5*y - 20 = -3*f, -16 = -5*f - 4*y. Suppose f = -28*v + 20 + 64. Calculate the greatest common factor of v and 81.
3
Let z = 5114 + -4867. What is the greatest common divisor of 26 and z?
13
Let n(j) = 10*j**2 + 53*j + 9. Let s be n(-5). Let v be (816/42 - s) + 9/(-21). Calculate the greatest common factor of 50 and v.
25
Let g(k) = 55*k**3 + k**2 - 2. Let h be g(1). Suppose -2*n - h = -2*f, -f + 2*n - 12 = -2*f. What is the highest common divisor of f and 374?
22
Let m = -25 - -91. Let n = -10 - -16. Let w(u) = u**2 - 6*u + 6. Let l be w(n). Calculate the highest common factor of m and l.
6
Let o(l) = -3*l**2 - 8*l + 1. Let b be o(-4). Let n be (-3)/(b/46)*-5. Let i be 5/(-25) - n/5. Calculate the greatest common factor of i and 45.
9
Suppose -409 + 403 = -m, 4*l - 5*m = 22. Let d be (1 + 0)*11*-1. Let a be (d/(-4))/((-2)/(-104)). Calculate the greatest common factor of a and l.
13
Let j = 68 - 106. Let f = j - -114. What is the greatest common factor of 19 and f?
19
Let k(v) = -v**2 - 93*v + 716. Let a be k(7). Suppose -3*n - 73 + 277 = 0. Let c = 44 + n. What is the greatest common factor of c and a?
16
Let x = -1070 + 1086. Let o(p) = 91*p**3 - 2*p**2 - p. Let n be o(-1). Let q = n + 156. Calculate the greatest common divisor of x and q.
16
Let j be 3312 + 5 + (8 - (1 - -2)). Suppose -j = -3*i + r - 773, 0 = -2*i - r + 1701. Calculate the highest common divisor of 34 and i.
34
Let y = 4357 + -3657. Calculate the greatest common divisor of 490 and y.
70
Let n(k) = k**3 - 18*k**2 + k - 15. Let p = -172 - -190. Let v be n(p). What is the greatest common factor of v and 33?
3
Let t(q) = -2*q**2 + 22*q + 1227. Let x be t(30). Let c be 118 + ((-8)/2)/2. Calculate the greatest common factor of c and x.
29
Let g = 192 - 129. Suppose g + 112 = 5*w. Let b(j) = 6*j**2 - 20*j - 2. Let v be b(4). Calculate the greatest common divisor of w and v.
7
Let h = 152 + -88. Suppose 40 = -c + h. Suppose 0 = -8*s + 11*s - c. What is the highest common factor of s and 2?
2
Suppose 3171 = 16*t - 1547 + 1198. Calculate the highest common factor of 12 and t.
4
Let h = -4517 + 4533. Calculate the greatest common factor of 56 and h.
8
Let p(c) = -23*c**2 + 22*c + 201. Let i be p(-7). Let z be ((-4)/10)/(18/i). Calculate the greatest common factor of z and 384.
24
Suppose 124 = 27*w + 16. Suppose -9860 = -21*n + w*n. What is the greatest common divisor of 29 and n?
29
Let x(s) = 2*s + 56. Suppose -6*t = 8 - 20. Let h be x(t). Calculate the highest common divisor of h and 40.
20
Suppose 43*t + 4 = 45*t. Let j(g) = -52 + g**2 - t*g - 13*g + 16*g. Let h be j(-10). What is the greatest common divisor of 38 and h?
38
Suppose 39 - 46 = -7*c. Let h be (1113/212)/(c/16). Calculate the highest common divisor of 156 and h.
12
Suppose 3*w = s - 444, 2*s - 574 - 350 = -3*w. What is the highest common divisor of 8 and s?
8
Let d(t) = -26*t + 1100. Let w be d(30). Calculate the greatest common divisor of 2160 and w.
80
Let i = 38 - 36. Suppose -i*x + 166 = 4*w, w + 38 = 2*w - 3*x. Let p be ((-372)/(-72) + (-3)/2)*123. What is the highest common factor of p and w?
41
Let p = -861 - -5611. Suppose 10*n = -11570 - p. Let m be ((n/(-18))/(-2))/(4/(-6)). What is the highest common factor of m and 170?
34
Let q = -271 - -281. Let o be 31/155 + 288/q. What is the greatest common factor of o and 261?
29
Let h = -103 - 110. Let r be 9/(-6)*2 - h. Let b(s) = -s**3 + 7*s**2 - 2*s - 5. Let c be b(5). Calculate the greatest common factor of r and c.
35
Let c be -12*(-2 - (-8)/3). Let d be -3*15/(-9) + (-168)/21. Let q be -1 - 407/c - d/24. Calculate the greatest common factor of q and 125.
25
Let b be (1 - 20)/((-5)/425*5). Let p = b + 20. Calculate the greatest common factor of 49 and p.
49
Suppose 0 = 14*u + 25*u + 32*u - 1207. What is the highest common divisor of 1819 and u?
17
Let z(c) = c**2 + 3*c + 41. Let j be z(21). Calculate the highest common divisor of j and 30.
5
Suppose 8 = -2*f, -358*f = -3*c - 360*f + 436. What is the highest common divisor of c and 629?
37
Let d = 42370 - 20231. What is the highest common factor of 131 and d?
131
Let d be 112/11 - 18/99. Suppose -d*w = -115 - 215. What is the highest common factor of w and 3?
3
Let f(y) = -2*y**3 - 119*y**2 - 79*y - 716. Let z be f(-59). Calculate the highest common divisor of 522 and z.
58
Let m(o) = 2*o**3 - 21*o**2 - 64*o + 23. Let a be m(13). Calculate the greatest common factor of 10056 and a.
12
Suppose -31*u - 7*u = 10*u - 10752. What is the highest common factor of 432 and u?
16
Suppose -5*y + 4*m = -55, -4*y + 3*y + 5*m - 10 = 0. Calculate the highest common factor of y and 1815.
15
Let u be (8/10)/(16/40). Let w be -313*1/(-2) - u/4. What is the highest common divisor of 24 and w?
12
Let y = -2524 + 2679. What is the highest common divisor of 682 and y?
31
Let w be -2 + (-4)/20*-5. Let i be (19/5)/(w/(-85)). What is the greatest common factor of 17 and i?
17
Suppose 4*j - 5*k - 330 = -4, -j = -k - 82. Suppose -4*p + 2*g - 4*g = -114, 4*p = -g + 113. Calculate the highest common factor of p and j.
28
Let j = -201 + 209. Suppose -3*y = -2*l + 284, 3*l + 3*y - 428 = j*y. What is the greatest common divisor of 17 and l?
17
Suppose o + 4*o - 7 = 4*u, -5*u = -5*o + 5. Suppose 3*p - 99 = -u*t, -143 = 5*t - 8*t + p. What is the highest common factor of 432 and t?
48
Suppose 0 = 22*n - 566 - 54 + 92. What is the greatest common divisor of n and 306?
6
Let t be (9919/273)/(-2 - (-129)/63). Calculate the highest common factor of t and 7.
7
Let t(q) = -q**3 - 10*q**2 - 10*q - 4. Let d be t(-9). Suppose 0 = -b + 2*v + 38, -14*v - 6 - 20 = -b. What is the highest common divisor of d and b?
5
Let t = -28 - -52. Suppose -450 = 15*j - 40*j. Suppose 13*v + 45 = j*v. What is the greatest common factor of t and v?
3
Let f(d) = -3*d**3 + 29*d**2 - 19*d + 11. Let o be f(9). Suppose 2*j + 158 = 2*y, 4*y - 3*j = o*j + 318. What is the highest common divisor of y and 44?
11
Let x = 413 - 293. Let l = 424 - x. Suppose -87 - 65 = -4*s. What is the highest common divisor of l and s?
38
Let d(i) = 4*i - 8. Let h be d(3). Suppose x - 9*y = -10*y + 19, h*x - 66 = -2*y. Calculate the highest common factor of x and 56.
14
Suppose -29*f + 24*f + 15 = 0. Suppose -3*l + 2*l = f*v - 40, -66 = -5*v - l. Suppose 420 = 5*r + 95. What is the greatest common divisor of r and v?
13
Let a(z) = 142*z**2 + 2. Let y(i) = -4*i + 73. Le